What is the tens digit of b?
9
Suppose 0 = 2*a + 2*o + 4, 2*o = -2*a - o - 9. What is the tens digit of (-2)/(a/((-132)/8))?
1
Let h(s) = s**3 + 5*s**2 + s - 3. Let n be h(-4). Let t(w) = -w**3 - 6*w**2 - 8*w - 3. Let j be t(-4). Let p = n + j. What is the units digit of p?
6
Let t(l) = 22*l. Let d be t(1). Suppose 3*z = 0, d = 3*r - 2*r - 3*z. Suppose -5*n = 3*w - r + 7, -w + 5 = 2*n. What is the units digit of w?
5
Let p be (20/15)/(2/3). Let n = 3 + p. Suppose -n*f = -f - 8. What is the units digit of f?
2
Suppose -4*a = -239 + 55. What is the tens digit of a?
4
Suppose -4*b + 3 = -5. Suppose -b*h = 2*h. Suppose -2*f - 2*f + 4 = h. What is the units digit of f?
1
Let x(o) = -25*o**3 - o**2. Let y be x(-1). What is the units digit of (1/3)/(2/y)?
4
Let j = 15 - -109. What is the units digit of j?
4
Suppose -2*l = 2*l + 24. What is the units digit of ((-6)/(-4))/(l/(-64))?
6
Let i be ((-39)/((-12)/(-4)))/(-1). Suppose -7*a + i = -6*a. What is the tens digit of a?
1
Let k(f) = f**3 + 5*f**2 - 6*f - 7. Let p be k(-6). Let z = 11 + p. Suppose -3 = 3*t - 15, z*j + t - 8 = 0. What is the units digit of j?
1
Suppose -h - 7 = -3*t, -4*t = -3*h - 4 - 7. Let m(j) = -j**2 - 9*j - 2. Let d be m(-8). Let l = t + d. What is the units digit of l?
8
Let l(p) = 6*p - 1. What is the units digit of l(7)?
1
Let f = 3 - -1. Let v = 1 - -5. Suppose v + f = 2*a. What is the units digit of a?
5
Let m be (-2 - 2)/(10/(-65)). Let x = m - 5. What is the tens digit of x?
2
What is the tens digit of 56 + (-6)/3 + -2?
5
Let v be 33/(-9) - (-4)/6. Let z be 0 + (-18)/(v - -6). What is the units digit of -4*(3 + 45/z)?
8
Let n be (-1)/5 - 208/(-40). Let a(p) be the first derivative of p**3/3 - 3*p**2 + 6*p - 1. What is the units digit of a(n)?
1
Let u be 300/(-9) - (-1)/3. Let m be (-6)/(u/12 - -2). Suppose 0 = -3*y + m - 5. What is the units digit of y?
1
Let j = 14 - 12. What is the units digit of j?
2
Let q(u) = u**3 + 10*u**2 + 8*u + 2. Suppose -4*a - 28 = 2*t - 2*a, 30 = -5*t + 3*a. What is the units digit of q(t)?
1
Let n(q) be the third derivative of -q**5/60 + 7*q**4/24 - q**3 - 4*q**2. What is the units digit of n(4)?
6
Suppose 0 = -3*j + 10 + 5. Suppose 15 = 5*a, -j*a + 81 = 2*x + x. What is the tens digit of x?
2
Suppose -g = 2*g + 3. Let x(s) = -7*s + 3*s - s. What is the units digit of x(g)?
5
What is the units digit of (-28 + 1)/(-1 - 0)?
7
Let u = 147 + -103. What is the units digit of u?
4
Let l be (-1)/3 - (-3)/9. Let w(o) = o**3 + o**2 - o + 1. What is the units digit of w(l)?
1
Let b(a) = 3*a - 7. Let t(p) = -p - 3. Let n be t(-7). Suppose -n*o + 16 = -4. What is the units digit of b(o)?
8
Let g = -20 + 23. Suppose -2*u - u + 60 = -g*o, 103 = 5*u - 4*o. What is the units digit of u?
3
Suppose 3*y + 238 = k + 35, 5*k - 5*y - 1015 = 0. Suppose -31 + k = 4*f. What is the tens digit of f?
4
Let b(p) = -p + 9. Let s be b(7). Let q(u) = 1 - 3*u - 4 + u**s + 0*u**2. What is the units digit of q(5)?
7
Let o be -2 + 10/2 + 1. Suppose 58 + o = 2*n. What is the units digit of n?
1
Let m(c) = c**2 - 9*c - 5. Let o(v) = v**2 - v - 2. Suppose 4*f = -4*w + 24, 2*w = w + 2*f. Let k be o(w). What is the units digit of m(k)?
5
Let k = -11 - -6. Let q(a) = -a**2 - 4*a - 8. Let u be q(-6). What is the units digit of 8/u + (-52)/k?
0
Suppose -4*x - 44 = -104. What is the units digit of x?
5
What is the tens digit of (-3)/(-12) - (-474)/24?
2
Suppose 2*k = -3*k + 40. Suppose -k*i = -10*i + 62. What is the units digit of i?
1
Let t be -1 + 0 + (1 - 0). Suppose 4*s = -t*s + 20. What is the units digit of s?
5
Let b(q) = q**2 + 9*q + 5. Let j be b(-9). Suppose -5*a + 4*u + 6 = 0, 4*a - 3*u - j = -0*u. What is the units digit of a?
2
Let d = 28 + -20. Let x(j) = 2*j - 9. What is the units digit of x(d)?
7
Suppose 39 = 4*z - 57. Suppose z = -y + 72. What is the units digit of y?
8
Let o(z) = z**3 - 8*z**2 + 6*z + 7. Let l be o(7). Let a = 4 - l. What is the units digit of a?
4
What is the units digit of (8 + 0)/(0 - -2)?
4
Let w(n) = 10*n**2 + n + 1. Suppose 3*y + 0*k = -k - 10, 0 = 3*k + 12. What is the units digit of w(y)?
9
Let b(t) = t**2 + 5*t - 5. Let a be b(-5). Let z = a + 7. Suppose 0 = 5*c + z*y - 74, -2*c = 3*y + 2*y - 38. What is the tens digit of c?
1
Let m = -17 - -17. Suppose m = -3*i + 2 + 25. What is the units digit of i?
9
Let p be (1 - -1)*(-45)/6. What is the units digit of -1 + 5/(p/(-6))?
1
Suppose -3*p = 5*n - 1146, 1173 = 3*p - 5*n + n. What is the units digit of p?
7
Let t = 14 - 12. Suppose 39 = 5*r - t*r. What is the tens digit of r?
1
Let x = 0 + 5. Suppose -4*w + 8 = 0, w - x*w = 3*k - 104. What is the units digit of k?
2
What is the units digit of 185/((-3 + 4)/1)?
5
Let g = 6 + -4. Suppose 2*k - 28 = -g*k. What is the units digit of k?
7
Let g(z) = -z**3 - 2*z**2 + z + 2. Let f be (4/2)/((-5)/5). Let w be g(f). What is the units digit of 3 - (w - -2 - 1)?
2
Suppose 5*v = i - 2, -2*v = i + 2*i + 11. Let s(z) = -z + 1. Let j be s(v). Suppose 5*w = 28 + j. What is the units digit of w?
6
Suppose s - 16 = 3*s. Let l(w) = -w**2 - 9*w. What is the units digit of l(s)?
8
Let r(d) = 2 - d - d + 2. What is the tens digit of r(-6)?
1
Let m(y) = y**2 - 7*y - 6. Let o be m(8). Suppose -4*r = o*d, 0*r - r - 3 = -d. Suppose -d*b - 9 = -47. What is the units digit of b?
9
Let h = -1 - -1. Let a(z) = z + 8. Let g be a(-6). Let n = h + g. What is the units digit of n?
2
Let k(v) = -v**2 + 15*v - 9. Suppose -4*n - 13 = -61. What is the units digit of k(n)?
7
Let p = -3 + 11. Let w = p + 5. What is the units digit of w?
3
Let k be ((-10)/6)/(1/3). Let i(u) = u**2 + 5*u - 3. Let m be i(k). Let y = m + 8. What is the units digit of y?
5
Let z(m) = -m**2 - 9*m - 2. Let d be z(-9). Let l = d + 5. What is the units digit of l?
3
Let w = -2 + 3. Suppose 0 = -3*c - w - 2. Let r = c - -2. What is the units digit of r?
1
Let d(r) = -r**2 - 10*r + 1. What is the tens digit of d(-9)?
1
Suppose 4*l - 606 - 74 = 0. What is the hundreds digit of l?
1
Suppose -6*y = -4*y. Let z(w) = w**2 - 6*w + 1. Let d(h) = h**2 - 5*h + 2. Let r(o) = 6*d(o) - 5*z(o). What is the units digit of r(y)?
7
Let a = 1 + 0. Suppose 4*i - 5 = -a. Let n = i + 1. What is the units digit of n?
2
Let q = 7 - -17. What is the units digit of q?
4
Let b(i) be the third derivative of i**6/120 - i**5/12 + i**3/3 - 2*i**2. Let q be b(5). Suppose q*d - 19 + 1 = 0. What is the units digit of d?
9
Suppose x + 2*c = 27 + 11, -c = 2*x - 85. What is the units digit of 3/(-1) + -1 + x?
0
Let i = -28 - 3. Let z = i - -57. What is the units digit of z?
6
Suppose -14 = -2*x - d, 4*d = -5*x + 8 + 21. Let n = x + -18. Let b = -3 - n. What is the units digit of b?
6
Suppose 4*h = 4*f + 4, 2*f - 4*h - 16 = -8*h. What is the units digit of (0 - 3)/(-6)*f?
1
Let q(x) = -3*x**2 + 4*x + 3. Let n(i) = -4*i**2 + 3*i + 2. Let b(z) = -4*n(z) + 3*q(z). What is the units digit of b(1)?
8
Suppose 2*q + 3*t - 265 + 91 = 0, 4*q - 384 = 3*t. Let f = -59 + q. What is the tens digit of f?
3
Let f = -4 - -7. Suppose -f*s - 60 = -0*s. What is the units digit of s/(-25) - 2/(-10)?
1
Let c be (-2)/6 + 39/9. Suppose -g - c = -2*g. What is the units digit of g?
4
Let u(f) = -14*f**2 - 4*f - 5. Let i(d) = -15*d**2 - 5*d - 6. Let o(k) = 4*i(k) - 5*u(k). Let n be o(1). Let w = -5 + n. What is the units digit of w?
6
Let y = -81 + 116. What is the tens digit of y?
3
Let h(b) = -b**2 + 8*b - 6. Let m be h(7). Let w be (m + 9/(-15))*-20. What is the units digit of 2/8 + (-22)/w?
3
Let x = 16 - 7. Suppose 3*b + 5*o - 10 = 24, b = -4*o + x. Suppose 5*w + 13 = a - 4, -5*a + w = -b. What is the units digit of a?
2
Let n(t) = t**3 + 6*t**2 - 9*t - 8. Suppose -5*a - 35 = -0*a. What is the units digit of n(a)?
6
Let m be (3/(-3))/(-1) - -1. Suppose 0 = m*p + 4 - 10. Let w(f) = -f**3 + 5*f**2 - 3*f - 1. What is the units digit of w(p)?
8
Let p be (-3)/((-9)/(-6)) - -6. Suppose 0 = -s + i + 6, 16 = -s + 5*s + p*i. Suppose 2*j - 7*j + 3*k + 41 = 0, -4*k = -s*j + 43. What is the units digit of j?
7
Let v = 41 - -49. Suppose s + v = 4*s. What is the units digit of (s/(-9))/((-8)/12)?
5
What is the tens digit of (228/(-30))/((-2)/20)?
7
Let s = 28 + -19. What is the units digit of s?
9
Let x(v) = -v + 16. Let u be x(7). Suppose 5*t + 8 = 4*n - u, -5*t = 5*n - 55. Wha